q + 4679. Determine b(-40).
-81
Let u(j) = j**3 - 41*j**2 - 82*j - 199. Calculate u(43).
-27
Let b(j) = -22*j - 240. Determine b(-12).
24
Let o(a) = 2*a + 117. Give o(4).
125
Let r(l) = -117*l**2 - 822*l - 3. Calculate r(-7).
18
Let x(z) = 390*z**2 - 1938*z + 15. Determine x(5).
75
Let m(a) = -2*a**2 - 429*a + 3095. Give m(7).
-6
Let q(t) = -9*t**2 - 726*t + 189. Give q(-81).
-54
Let q(g) = 40*g - 2333. Determine q(74).
627
Let q(t) = -39*t**2 - 304*t - 555. Calculate q(-5).
-10
Let u(q) = -32*q**3 - q**2 + 9*q - 6. What is u(2)?
-248
Let p(a) = -7806*a + 46837. Determine p(6).
1
Let l(f) = 27*f + 13. What is l(-6)?
-149
Let f(r) = -1122*r - 8. What is f(0)?
-8
Let i(r) = 12*r + 264. What is i(-22)?
0
Let f(c) = 3*c**2 - 8*c + 5. Determine f(5).
40
Let v(q) = 425*q + 3. Determine v(0).
3
Let v(o) = o**3 + 52*o**2 + 385*o - 24. Determine v(-43).
62
Let f(d) = 71*d. What is f(-3)?
-213
Let b(z) = 93*z**2 - 6518*z + 556. Determine b(70).
-4
Let m(i) = -9*i**2 + 121*i + 495. What is m(-4)?
-133
Let w(s) = -s**3 + 11*s**2 - 16*s + 50. Calculate w(9).
68
Let l(n) = 17*n**2 + 7*n - 4. Determine l(4).
296
Let s(z) = -65*z + 253. Give s(5).
-72
Let p(j) = -78*j - 145. Calculate p(-7).
401
Let i(x) = x**2 - 99*x - 1589. What is i(-14)?
-7
Let q(u) = 4*u**3 + 52*u**2 + 9*u + 124. Determine q(-13).
7
Let s(q) = -327*q + 329. Give s(1).
2
Let l(n) = -n**2 + 71*n + 292. What is l(77)?
-170
Let i(o) = 3*o**3 + 2*o**2 - 6*o + 7. Calculate i(-3).
-38
Let u(c) = -29*c - 576. Determine u(-17).
-83
Let y(s) = 112*s - 5941. What is y(53)?
-5
Let g(k) = 149*k**2 + 856*k - 234. Determine g(-6).
-6
Let c(h) = -296*h + 22796. Give c(77).
4
Let y(z) = -4*z**2 - 219*z - 799. Give y(-51).
-34
Let q(x) = 5*x**2 - 36*x + 1. What is q(7)?
-6
Let u(n) = -n**3 + 35*n**2 - 151*n + 6. Give u(5).
1
Let k(n) = -n**3 - 3*n**2 + 11*n + 39. What is k(-4)?
11
Let j(u) = -1016*u - 46737. Calculate j(-46).
-1
Let i(c) = -c**2 - 48*c + 103. Give i(-48).
103
Let k(d) = -616*d - 3094. Determine k(-5).
-14
Let a(n) = -17*n - 116. Give a(-8).
20
Let f(d) = -4*d**2 + 40*d - 18. Calculate f(12).
-114
Let g(x) = -5*x**2 - 53*x - 21. Determine g(-11).
-43
Let n(v) = -5*v**3 + 60*v**2 - 164*v - 8. What is n(3)?
-95
Let i(c) = -c**3 + 56*c**2 + 57*c - 19. What is i(57)?
-19
Let c(b) = -4*b**3 - 45*b**2 - 83*b + 7. What is c(-9)?
25
Let j(o) = 2387*o + 62067. Calculate j(-26).
5
Let l(q) = 146*q - 8201. What is l(56)?
-25
Let v(c) = c**3 + 53*c**2 + 92*c - 402. Give v(-51).
108
Let m(f) = -4*f**3 - 15*f**2 + 136*f + 524. What is m(-4)?
-4
Let i(s) = s**2 + 28*s - 111. Determine i(4).
17
Let x(g) = -4*g**2 + 21*g - 33. What is x(2)?
-7
Let j(o) = o**3 + 27*o**2 + 94*o + 820. Give j(-25).
-280
Let z(w) = -46*w + 70. Give z(2).
-22
Let m(q) = -q**3 - 17*q**2 - 69*q + 10. Give m(-7).
3
Let v(t) = -10*t**2 - 3*t + 8. Determine v(-4).
-140
Let k(g) = -6981*g - 13968. What is k(-2)?
-6
Let v(k) = k**3 - 41*k**2 - 36*k - 366. Calculate v(42).
-114
Let r(g) = -58*g**2 + 4*g + 2. What is r(-1)?
-60
Let n(o) = -14758*o + 118064. What is n(8)?
0
Let f(p) = p**2 - 93*p + 5. Give f(93).
5
Let a(f) = -39*f + 60. What is a(1)?
21
Let v(r) = 369*r - 1824. Give v(5).
21
Let s(n) = -15*n + 1705. Give s(114).
-5
Let k(o) = -o**3 + 11*o**2 + 604*o - 66. What is k(-20)?
254
Let d(x) = 238*x + 12. Calculate d(-1).
-226
Let y(c) = -2*c**2 + 15*c + 311. Calculate y(13).
168
Let y(m) = m**2 + 2063*m + 14403. Give y(-7).
11
Let t(o) = -o**2 - 108*o - 278. Give t(0).
-278
Let h(g) = -g**2 + 32*g + 229. What is h(35)?
124
Let d(x) = -4*x**2 + 82*x + 42. Determine d(20).
82
Let o(m) = -m**2 - 1434*m - 18469. Determine o(-13).
4
Let j(b) = b**3 - 12*b + 20. What is j(2)?
4
Let y(d) = -2*d**2 - 33*d - 20. What is y(-16)?
-4
Let u(n) = 427*n + 1708. Determine u(-4).
0
Let o(q) = 14*q - 572. Determine o(41).
2
Let x(r) = -14*r + 84. Determine x(6).
0
Let r(y) = 150*y - 51. Determine r(0).
-51
Let v(c) = 2*c**2 + 110*c + 1503. Give v(-28).
-9
Let i(b) = -10*b - 622. Give i(-57).
-52
Let o(i) = 12153*i - 109381. Determine o(9).
-4
Let o(b) = -16*b**2 - 292*b + 223. What is o(-19)?
-5
Let p(a) = -a**2 - 69*a - 224. What is p(-3)?
-26
Let g(w) = 10*w**2 + 8*w - 10. Determine g(1).
8
Let j(f) = -6*f**2 - 99*f - 48. Give j(-16).
0
Let w(s) = 2209*s - 48599. Calculate w(22).
-1
Let l(g) = g**3 - 36*g**2 + 319*g + 62. What is l(19)?
-14
Let d(t) = -t**3 + 31*t**2 - 36*t + 177. Determine d(30).
-3
Let u(i) = 37*i + 72. Determine u(-2).
-2
Let d(y) = -131*y + 30. What is d(0)?
30
Let p(z) = -61*z - 222. Determine p(-6).
144
Let f(s) = 21*s - 1026. Calculate f(48).
-18
Let y(j) = 43*j - 3294. Calculate y(85).
361
Let u(d) = 37*d - 13. Give u(-1).
-50
Let v(k) = k**2 + k + 228. Calculate v(18).
570
Let x(g) = -6*g + 80. Give x(14).
-4
Let r(f) = -f**3 - 15*f**2 - 45*f + 3. Determine r(-3).
30
Let l(r) = -r**3 - r**2 + 10*r + 322. What is l(0)?
322
Let h(y) = -496*y - 2993. Determine h(-6).
-17
Let x(k) = k**3 - 63*k**2 + 178*k - 3414. Give x(61).
2
Let x(w) = w**3 - 13*w**2 - 35*w + 82. Calculate x(7).
-457
Let v(d) = 9*d**3 + d**2 + 68*d + 132. Calculate v(-2).
-72
Let t(v) = 44*v**2 - 660*v - 7. What is t(15)?
-7
Let n(p) = 31*p - 96. Calculate n(10).
214
Let r(f) = f**3 - 6*f**2 - 6*f + 13. Give r(-2).
-7
Let d(o) = 2*o**3 + 7*o**2 - 5*o - 42. Calculate d(0).
-42
Let h(l) = -l**3 - 31*l**2 + 257*l + 7953. Calculate h(-31).
-14
Let p(r) = -19396*r - 271539. What is p(-14)?
5
Let g(b) = -b**3 + 2*b**2 - 3*b + 154. Calculate g(6).
-8
Let n(m) = -11*m + 523. What is n(48)?
-5
Let w(r) = r**3 + 45*r**2 + 56*r - 319. What is w(-44)?
-847
Let b(v) = -12*v**2 - 1346*v - 179. Calculate b(-112).
45
Let q(n) = -25*n**2 + 18*n - 58. Give q(3).
-229
Let v(s) = -138*s - 4650. Give v(-34).
42
Let c(h) = h**3 + 12*h**2 - 16*h + 33. Determine c(-13).
72
Let z(v) = -v**2 - 9*v + 18. Determine z(-8).
26
Let t(h) = 115*h - 442. Calculate t(4).
18
Let q(l) = 23*l**2 + 65*l - 9. Calculate q(-3).
3
Let u(n) = 89*n - 5003. Give u(56).
-19
Let w(r) = 545*r + 7656. Determine w(-14).
26
Let b(v) = v**3 + 22*v**2 + 63*v - 6. Determine b(-3).
-24
Let b(i) = 188*i + 4314. Determine b(-23).
-10
Let j(w) = -1163*w - 74441. Determine j(-64).
-9
Let v(q) = -3*q**2 - 41*q - 58. What is v(-14)?
-72
Let b(v) = -2*v**3 - 133*v**2 + 204*v + 98. Give b(-68).
98
Let z(t) = 34*t**2 + 75*t + 17. What is z(-2)?
3
Let o(a) = -83*a - 1584. What is o(-19)?
-7
Let c(i) = -i**3 + 12*i**2 + 115*i + 6. Calculate c(0).
6
Let w(f) = -10381*f + 145328. What is w(14)?
-6
Let y(s) = 6*s**2 + 36*s + 31. Calculate y(-2).
-17
Let c(y) = -3*y**2 - 59*y + 23. Give c(-14).
261
Let u(m) = 1228*m - 12288. Give u(10).
-8
Let t(i) = -4*i**3 + 210*i**2 - 105*i + 58. Determine t(52).
6
Let r(t) = -4*t**2 + 254*t - 127. Calculate r(63).
-1
Let k(v) = -2*v**3 + 22*v**2 + 9*v - 77. Give k(11).
22
Let n(c) = 54*c - 4447. Give n(82).
-19
Let y(x) = 2*x**2 + 62*x - 65. Give y(-33).
67
Let k(j) = 2*j**2 + 72*j + 329. What is k(-5)?
19
Let q(d) = -16*d + 781. Determine q(13).
573
Let r(g) = 3*g**2 + 15*g - 246. Give r(7).
6
Let o(r) = -7*r**3 - 11*r - 19. Determine o(-2).
59
Let m(j) = -j**3 - 4*j**2 - 25*j - 43. Give m(-2).
-1
Let n(b) = 2*b**2 + 97*b + 174. What is n(-42)?
-372
Let y(a) = -18*a**2 - 90*a - 93. What is y(-2)?
15
Let m(r) = -r**3 + 45*r**2 + 42*r + 169. Determine m(46).
-15
Let b(g) = 201*g - 20908. Give b(104).
-4
Let y(f) = -f**3 - 39*f**2 + 216*f - 36. Calculate y(-44).
140
Let x(r) = 3*r**2 + 8*r + 16. Calculate x(-7).
107
Let w(i) = i**3 - 6*i**2 + 6*i + 2. Determine w(5).
7
Let b(i) = -2*i**2 + 55*i - 251. Calculate b(6).
7
Let w(p) = -89*p**2 + 11. Determine w(2).
-345
Let q(v) = -26*v + 340. Calculate q(12).
28
Let x(d) = 6*d + 162. What is x(-32)?
-30
Let k(w) = -w**2 + 32*w - 258. Calculate k(20).
-18
Let i(j) = -225*j**2 + 38*j + 1. What is i(1)?
-186
Let u(z) = -9*z**3 - 11*z**2 + 9*z + 12. What is u(-2)?
22
Let b(a) = 9*a**3 - 3*a**2 - 3*a + 10. What is b(3)?
217
Let m(z) = -20*z + 107. Give m(5).
7
Let q(l) = -l**2 - 18*l + 215. Calculate q(-26).
7
Let l(u) = -2*u**2 - 80*u - 704. Calculate l(-26).
24
Let u(g) = 2*g**2 - 76*g - 172. Give u(40).
-12
Let z(n) = n**3 + 10*n**2 - 10*n + 28. What is z(-11)?
17
Let k(i) = i**3 + 68*i**2 - 71*i - 154. What is k(-69)?
-16
Let p(y) = y**